(137).
-19
Let s(j) = -368*j - 1780. What is s(-5)?
60
Let q(x) = 2*x**2 - 469*x - 97805. Give q(-133).
-50
Let m(p) = -3*p**3 + p**2 + 8*p + 13. Calculate m(2).
9
Let j(p) = 37*p**2 - 4099*p + 2976. What is j(110)?
-214
Let j(p) = p**3 - 152*p**2 + 170*p - 3003. Determine j(151).
-134
Let q(x) = -x**2 - 62197*x + 4732747. Calculate q(76).
-1
Let t(v) = -21*v**2 + 763*v - 6224. Determine t(24).
-8
Let f(t) = 5*t**3 + 624*t**2 - 86*t + 4884. Determine f(-125).
9
Let v(p) = -p**3 - 42*p**2 - 134*p - 701. Calculate v(-39).
-38
Let x(y) = 5592*y + 207029. Calculate x(-37).
125
Let r(t) = 34*t**2 + 823*t + 199. Calculate r(-24).
31
Let v(x) = -27*x**2 - 1483*x + 114. What is v(-55)?
4
Let n(c) = 3354*c - 33593. What is n(10)?
-53
Let x(y) = 15*y**3 + 169*y**2 - 491*y - 10. Calculate x(3).
443
Let r(h) = 162746*h - 7974560. Determine r(49).
-6
Let z(g) = -144*g**2 + 28803*g - 607. Calculate z(200).
-7
Let d(f) = -2*f**3 + 28*f**2 + 832*f - 29. Give d(29).
-1131
Let v(d) = 7372*d + 3811322. Calculate v(-517).
-2
Let t(s) = -s**3 - 376*s**2 + 14405*s - 243. Determine t(35).
457
Let z(b) = -14*b**3 + 10*b**2 + 9*b - 46. Determine z(2).
-100
Let u(h) = -2*h**3 + 9*h**2 - 139*h - 665. What is u(-5)?
505
Let g(j) = 2*j**2 + 48*j + 12. What is g(2)?
116
Let n(k) = 1180*k - 10201. Determine n(7).
-1941
Let w(f) = 19*f**3 - 3299*f**2 - 1221*f + 532. Give w(174).
10
Let w(d) = d**3 + 33*d**2 + 33*d + 3687. Determine w(-35).
82
Let c(k) = -290*k**2 - 2566*k + 418. Give c(-9).
22
Let d(w) = -1098044*w + 1098096. Calculate d(1).
52
Let s(g) = -g**3 + 25784*g**2 + 180535*g. What is s(-7)?
14
Let c(o) = -104*o**2 + 1863*o + 173. Give c(18).
11
Let v(x) = 9*x**2 - x - 777. Give v(-9).
-39
Let g(t) = 7*t**3 + 443*t**2 + 696*t + 8565. Give g(-62).
9
Let x(w) = -w**3 - 18*w**2 + 4536*w + 22995. Give x(-5).
-10
Let d(z) = 466*z - 310354. Calculate d(666).
2
Let i(v) = -12*v**2 + 12*v + 204. Calculate i(6).
-156
Let b(l) = 5695*l + 44035. Give b(-8).
-1525
Let j(z) = -5*z**2 - 330*z - 125. Calculate j(-68).
-805
Let d(f) = -65*f - 3134. Give d(-62).
896
Let h(j) = j**2 + 16620*j + 331993. Give h(-20).
-7
Let k(y) = 148*y**2 - 224*y + 557. What is k(3)?
1217
Let m(w) = 838*w + 105596. Determine m(-126).
8
Let d(w) = 77*w + 4938. Determine d(-60).
318
Let k(a) = -15*a**2 + 11*a + 1126. Give k(0).
1126
Let d(h) = -h**2 + 5519*h + 177644. Determine d(-32).
12
Let c(z) = z**3 + 5*z**2 + 733*z - 4344. Determine c(6).
450
Let q(r) = -731*r**2 + 38003*r + 419. Give q(52).
-49
Let a(p) = -p**3 + 60*p**2 - 322*p + 110. Calculate a(54).
218
Let m(x) = -5*x**3 + 25*x**2 - 95*x + 620. Determine m(7).
-535
Let n(u) = -u**3 - 10*u**2 - 229*u - 2265. What is n(-10)?
25
Let j(c) = -c**3 - 4*c**2 - 1698*c + 6917. Give j(4).
-3
Let l(c) = -17540*c - 684031. Calculate l(-39).
29
Let k(a) = -160*a - 8343. Calculate k(-54).
297
Let m(p) = 18367*p + 91538. Determine m(-5).
-297
Let f(y) = -7866*y - 70853. What is f(-9)?
-59
Let n(s) = 5*s**3 - 22*s**2 + 89*s - 69. Determine n(3).
135
Let q(x) = x**2 + 211*x - 2931. Determine q(13).
-19
Let j(b) = -11*b**3 - 4*b**2 + b + 1. Calculate j(-2).
71
Let m(i) = -47069*i - 329463. Calculate m(-7).
20
Let a(o) = -69*o**2 + 26*o + 6684. Determine a(10).
44
Let u(i) = -i**3 - 106*i**2 + 131*i + 2292. Determine u(-107).
-276
Let v(g) = -g**3 - 8*g**2 + 141*g + 51. What is v(-16)?
-157
Let l(z) = 2726*z + 10829. Determine l(-4).
-75
Let k(q) = -594383*q - 1783118. What is k(-3)?
31
Let z(m) = -8075*m + 48735. Determine z(6).
285
Let s(t) = 4*t**3 + 274*t**2 - 146*t - 527. What is s(-69)?
25
Let n(m) = m**3 + 464*m**2 + 4426*m - 51804. Give n(-454).
-48
Let o(z) = -2498*z - 52313. Calculate o(-21).
145
Let m(x) = -845*x**2 - 5088*x - 18. What is m(-6)?
90
Let z(t) = t**3 - 126*t**2 - 98*t - 3759. What is z(127)?
-76
Let n(k) = -5530*k + 82960. Give n(15).
10
Let u(d) = 3519*d - 98451. Determine u(28).
81
Let c(b) = 2*b**3 + 32*b**2 + 111*b + 2169. Give c(-15).
954
Let c(o) = 3*o**3 - 333*o**2 + 373*o - 625. Give c(110).
4105
Let l(x) = -7*x**3 - 383*x**2 + 512*x - 40. Calculate l(-56).
-488
Let v(n) = -9*n**3 + 458*n**2 + 153*n - 5145. Determine v(51).
57
Let l(x) = -3089*x + 61767. Calculate l(20).
-13
Let d(g) = -g**3 + g**2 - 73118*g - 146234. Give d(-2).
14
Let h(x) = 3194*x - 57487. Give h(18).
5
Let j(f) = -3*f**2 + 219789*f + 439577. Give j(-2).
-13
Let p(b) = 4*b**2 - 3899*b + 11657. Give p(3).
-4
Let y(s) = -8*s**2 + 228*s - 517. Determine y(26).
3
Let q(m) = -140436*m + 6460063. Give q(46).
7
Let b(f) = 22*f - 4134. Calculate b(114).
-1626
Let m(j) = 54*j**2 - 4422*j - 529. Determine m(82).
-37
Let q(j) = 208*j**3 - 3*j**2 + 33*j - 51. Determine q(2).
1667
Let q(p) = -915*p**2 + 4547*p + 33. What is q(5)?
-107
Let n(a) = -10*a**2 + 696*a + 298. What is n(70)?
18
Let p(k) = 251*k - 4520. Determine p(19).
249
Let t(j) = -13*j**2 - 443*j - 3966. Determine t(-9).
-1032
Let h(q) = -q**3 - 43*q**2 + 715*q + 266. Give h(13).
97
Let u(f) = 828*f - 5814. Give u(7).
-18
Let c(x) = -x**2 + 5650*x + 90596. Calculate c(-16).
-60
Let o(f) = f**3 + 50*f**2 - 270*f + 145. Calculate o(-55).
-130
Let r(l) = 6*l**3 - 221*l**2 - 38*l - 323. What is r(37)?
-360
Let g(w) = 6*w**2 + 332*w + 2094. What is g(-48)?
-18
Let s(d) = 5*d**3 + 2*d**2 - 1962*d - 5802. What is s(-3)?
-33
Let i(s) = s**3 - 8*s**2 - 2917*s + 14646. Calculate i(5).
-14
Let h(c) = -c**3 - 101*c**2 - 1502*c - 935. Give h(-83).
-271
Let x(l) = l**2 + 67*l - 1274. What is x(21)?
574
Let c(v) = 108473*v - 325391. What is c(3)?
28
Let a(t) = -t**2 + 687*t + 72528. Give a(-93).
-12
Let l(s) = -s**3 - 10*s**2 + 1202*s - 105. Give l(-40).
-185
Let c(t) = -165166*t - 2972984. Calculate c(-18).
4
Let x(t) = -47*t**3 + 2*t**2 + 1188*t + 10. Give x(-5).
-5
Let z(a) = -7617*a + 190437. Give z(25).
12
Let t(l) = l**2 - 478*l - 6322. Give t(-13).
61
Let a(u) = -21*u + 1174. Calculate a(66).
-212
Let u(z) = 9*z**3 + 429*z**2 - 151*z - 332. Give u(-48).
4
Let z(q) = -3*q**2 + 153*q - 1940. Calculate z(26).
10
Let i(q) = -601275*q - 1803827. What is i(-3)?
-2
Let v(u) = -53851*u - 11901071. Determine v(-221).
0
Let q(r) = r**3 - 27*r**2 + 25*r + 636. Determine q(25).
11
Let l(r) = -71*r**3 - 178*r**2 + 102*r - 16. Give l(-3).
-7
Let y(x) = x**3 - 646*x**2 + 43325*x - 2862. What is y(570)?
-12
Let s(t) = -6552*t - 2306306. Calculate s(-352).
-2
Let u(z) = z**3 + 46*z**2 + 597*z + 14305. What is u(-40)?
25
Let q(f) = 97*f + 313. Determine q(5).
798
Let h(g) = -538*g + 3636. Calculate h(6).
408
Let n(a) = 19*a**2 + 1799*a - 564. Give n(-95).
6
Let p(b) = b**3 - 55*b**2 + 687*b - 63. Calculate p(19).
-6
Let t(i) = -18*i**3 + 251*i**2 + 1339*i + 233. Give t(-5).
2063
Let a(o) = -322*o**2 - 3209*o + 72. What is a(-10)?
-38
Let k(q) = q**3 - 69*q**2 + 83*q - 881. Give k(68).
139
Let b(d) = 2039672*d + 14277700. Give b(-7).
-4
Let u(x) = 10181*x - 763525. Calculate u(75).
50
Let u(s) = -4908*s - 4958. Determine u(-1).
-50
Let v(p) = -2*p**2 + 1251*p - 4939. What is v(4)?
33
Let p(o) = -44*o**2 - 1283*o + 316. Give p(-29).
519
Let o(n) = 2*n**2 + 7635*n - 38182. Give o(5).
43
Let m(k) = -2*k**2 - 3087*k - 48900. Give m(-16).
-20
Let y(x) = 8*x**2 + 1133*x - 10203. What is y(9)?
642
Let f(l) = 2*l**2 + 3706*l - 7. Determine f(0).
-7
Let w(v) = 9*v**2 + 435*v + 2887. Determine w(-8).
-17
Let j(x) = -66*x + 1661. Calculate j(33).
-517
Let z(l) = 101*l + 545. Give z(-16).
-1071
Let x(a) = 3*a**3 + 98*a**2 + 673*a + 222. What is x(-23)?
84
Let x(i) = -3*i**3 - 50*i**2 + 622*i - 90. What is x(-25)?
-15
Let l(i) = i**2 + 1131*i - 146941. Give l(119).
1809
Let b(w) = -4*w**2 - 140*w - 1115. What is b(-36)?
-1259
Let y(q) = 909598*q - 21830363. Determine y(24).
-11
Let h(x) = 3965*x**2 + 428222*x + 194. Determine h(-108).
-22
Let x(y) = 633*y**2 - 6326*y - 3. Calculate x(10).
37
Let q(t) = -19*t**3 + 2449*t**2 + 269*t - 1366. What is q(129)?
53
Let h(n) = -2*n**3 - 22*n**2 + 94*n + 835. Calculate h(-12).
-5
Let h(z) = -9*z**3 - 174*z**2 - 307*z - 4636. Give h(-19).
114
Let b(u) = -310*u**2 + 1542*u + 13. Calculate b(5).
-27
Let y(w) = -10*w**3 - 71*w**2 + 80*w + 66. Determine y(2).
-138
Let c(p) = -p**3 + 12*p**2 + 4857*p - 34180. What is c(7)?
64
Let h(y) = y**3 - 17*y**2 - 134*y + 2152. Calculate h(18).
64
Let q(k) = 4*k**2 + 32